*a - 6. What is the greatest common divisor of a and 33?
3
Let m(y) = y**3 - 7*y**2 + 2*y - 2. Let z be (-7)/(4/(-1 + -3)). Let h be m(z). What is the greatest common divisor of h and 4?
4
Suppose 0 = -2*h + 4*k + 442, 3*k + 219 = h - k. Let d be 2/9 + h/9. What is the greatest common divisor of d and 5?
5
Let p(a) = 5*a - 13. Let g(s) = 11*s - 27. Let q(x) = 6*g(x) - 13*p(x). Let n be q(5). Calculate the highest common factor of n and 24.
12
Suppose f = 30 + 34. Suppose 4*i - 2*i + 3*m = f, -i + 4*m + 43 = 0. Calculate the highest common factor of i and 5.
5
Let g(c) = -4*c - 20. Let f be g(-14). What is the highest common divisor of 9 and f?
9
Let s be -1 + 1 - (-2 + -22). Calculate the greatest common divisor of s and 16.
8
Let i be 1*76*11/4. Suppose 0 = -3*s - w + 54, 5*s = -2*w - w + 86. Calculate the greatest common factor of s and i.
19
Let u be (-386)/(-6) + (-3)/9. What is the highest common divisor of u and 8?
8
Let o = -3 - -5. Let i(l) = 9*l**o + 0*l**2 + 2*l**3 - 16*l - 12 - l**3. Let v be i(-10). What is the highest common factor of v and 6?
6
Let a = 40 - 38. Let q(v) = -v**3 + v. Let j be q(-2). Suppose -j = -i - 1. Calculate the highest common divisor of a and i.
1
Suppose 3*z - 77 = -2*z - 2*p, 4*z = -p + 61. What is the highest common factor of z and 75?
15
Let i be -9*((-147)/9 + 3). Calculate the greatest common factor of i and 24.
24
Let v be (0*(1 - 0))/(-1). Suppose 3*d - 163 + 37 = v. What is the highest common divisor of d and 105?
21
Suppose 765 = 3*n + 2*n. Let m = n - 38. Suppose m = 5*d + 5*q, -2*q + 11 = d - 11. What is the highest common factor of 12 and d?
12
Let n = 4 - -121. Suppose 4*q = -n + 605. Calculate the highest common factor of q and 48.
24
Let y(b) = -b**2 - 7*b - 6. Let n be y(-6). Suppose -p = -4*a + 61 - 2, n = -2*a + 2*p + 34. Let c = -22 + 106. Calculate the greatest common factor of c and a.
14
Suppose t + 2*j - 548 = -2*t, -t + 184 = j. Suppose -u - 4*u = -t. Calculate the highest common divisor of u and 18.
18
Let s = 1 - -4. Let x = 20 + -35. Let l be -20*(x/(-4))/(-5). What is the highest common factor of s and l?
5
Let r be (-597)/(-7) - (-6)/(-21). Let k(z) = z - 2*z + 7 - 4*z + 3*z. Let d be k(-5). Calculate the highest common divisor of r and d.
17
Suppose 4*n + 120 = 312. Calculate the highest common divisor of n and 6.
6
Suppose h = -4*h + 60. Let z(a) = -a**2 - 4*a + 7. Let x be z(-5). Let f be (3/x)/((-3)/(-60)). Calculate the greatest common factor of f and h.
6
Suppose -90*j = -87*j. Let g be -1 + (0 - (0 - 6)). Suppose -r + 0*r + 13 = g*x, j = 2*r - 3*x. What is the highest common divisor of 3 and r?
3
Suppose 16 = 4*u, 5*u = 5*h - 64 - 36. Calculate the highest common factor of 48 and h.
24
Let t(d) = d + 4. Let k be t(-2). Calculate the highest common factor of k and 6.
2
Let t(p) be the first derivative of p**2/2 + 6*p + 3. Let s be t(0). Let g be -3*(3 - 1 - 16). What is the highest common divisor of s and g?
6
Let p = 14 + -11. Let l be -2 + 2 + 39/p. Calculate the highest common divisor of l and 26.
13
Suppose 0*k - 65 = -4*p + 3*k, 0 = 2*p - 5*k - 15. Suppose -144 + 24 = -4*n. What is the highest common factor of n and p?
10
Let b(v) = -v**2 - 3*v - 3. Let t be b(-2). Let x be t*1*-5*1. Suppose j - 28 + 11 = x*d, -4*d = 3*j - 32. Calculate the highest common divisor of j and 4.
4
Suppose -2*o - 4*x + 16 = -2*x, o = -2*x + 6. Suppose -48 = -4*g + 4*q, -44 = -0*g - 4*g + 2*q. What is the greatest common factor of o and g?
10
Suppose -4*b = 0, p - 12 = -p - 3*b. Let s be (2 + 1)*(p - 3). Calculate the greatest common factor of 72 and s.
9
Let t be 2/14 - (-4991)/49. What is the greatest common factor of 6 and t?
6
Suppose -5*q - a + 123 = 0, 5*q + 3*a - 95 = 34. Calculate the greatest common factor of 120 and q.
24
Suppose 4*n - 633 = -5*c - 198, n - 108 = -c. What is the highest common divisor of n and 35?
35
Suppose 3*a = 5*a - 12. Let y be 4/a - (-2)/6. Let h be (-2)/(-4 - -2) + 1. What is the greatest common factor of y and h?
1
Suppose 0 = -4*n - 317 + 857. What is the greatest common divisor of n and 45?
45
Let z = -1 + 16. Suppose -4*r = -5*r + 3. Suppose -2*v - r*j = -4*j - 245, 2*j + 10 = 0. Calculate the greatest common divisor of z and v.
15
Let v = 50 - 15. Let q be (-40)/6*(-15)/10. Let h(x) = x - 3. Let b be h(q). Calculate the highest common factor of v and b.
7
Let k = 58 + -36. Let x(c) = -c**3 - 5*c**2 - 9*c - 7. Let q be x(-3). Calculate the greatest common divisor of q and k.
2
Let l be ((-44)/5)/((-1)/5). Let q(k) = k. Let c be q(5). Suppose c = 3*i - 4*d - 7, -8 = -2*i - 3*d. What is the greatest common factor of l and i?
4
Suppose 3*z + 2*y = 37 - 15, -y = 4*z - 21. What is the greatest common factor of 44 and z?
4
Suppose 13*t - 1522 = 1728. What is the highest common divisor of t and 25?
25
Let y be 2/(1 - 44/45). Let i be 2/(-8) + (-1)/(-4). Suppose 0 = -i*t - 5*t + 90. Calculate the highest common divisor of y and t.
18
Suppose 0*d - 2*d + 66 = 0. What is the greatest common divisor of d and 11?
11
Let l = -103 + 310. Let u be (-158)/(-7) - (-9)/21. What is the greatest common divisor of l and u?
23
Suppose -199 = -4*w - 3*u, -w + 3*u - 43 = -2*w. Suppose t = 4*h - 48, -t = 4*h + 2*t - 64. Calculate the greatest common divisor of h and w.
13
Let b be ((-24)/20)/((-2)/5). Suppose 4*k - 3*j = 183, b*k - 117 = -4*j + 39. What is the greatest common divisor of k and 6?
6
Let o be ((-20)/6)/(10/(-45)). What is the highest common factor of 60 and o?
15
Suppose -4*f = -2*r - 6, -5*r + 12 = -3*f - 8. Let y(l) = -2*l**3 + l**2 + 2*l - 1. Let q be y(-3). What is the highest common factor of q and r?
7
Suppose 75 = 3*d + 21. Let q = -107 + 119. Calculate the greatest common factor of q and d.
6
Let j(t) = 16*t - 3*t**2 - 16*t - t**3 + 4. Let b be j(-3). Suppose 0 = -3*f - 2*n + 68, -40 = -f - b*n - 14. What is the highest common factor of f and 22?
22
Let s = -59 + 157. Calculate the greatest common divisor of 14 and s.
14
Let h be (1/(-3))/(6/(-54)). Let o = 6 - h. What is the greatest common factor of 15 and o?
3
Suppose 17 + 28 = 5*x + j, 4*j = 5*x - 45. Let l be 39/15 + 2/5. What is the highest common factor of x and l?
3
Let r(o) = 0*o + 52*o**2 - 53*o**2 - 15*o**3 + 2 + 3*o. Let x be r(-2). Suppose -h + 32 = h. Calculate the greatest common factor of x and h.
16
Let a = 11 + -7. Let k(c) = c**2 - 5*c + 6. Let d be k(a). Suppose d = w - 1. Calculate the greatest common factor of w and 21.
3
Suppose 0*d + 3*d - 213 = 0. Suppose 5*i - 29 - d = 0. Let t be (1 - -1)/((-1)/(-50)). Calculate the highest common divisor of t and i.
20
Let k = -150 - -188. Calculate the highest common factor of 76 and k.
38
Let p be (-3 - 115)/(-1 + 0). Suppose a - 12 = -2*a. Suppose 167 = 4*s - 3*l, 5*s + a*l = p + 114. What is the highest common divisor of s and 11?
11
Let l = 83 + -49. Calculate the highest common divisor of l and 17.
17
Let k = -10 + 22. Let i = k + -7. Let t(g) = -g**2 + 5*g + 2. Let s be t(i). Calculate the greatest common factor of s and 22.
2
Suppose 0 = -2*x + x + 4. Let p = x + -1. Suppose p*u = 4*u - 28. What is the greatest common divisor of u and 42?
14
Suppose -15*m + 213 + 57 = 0. Let c = -64 - -91. What is the highest common factor of m and c?
9
Suppose 0 = -i + 94 - 14. What is the greatest common divisor of i and 20?
20
Let n be (2 + (-33)/(-6))*10. Suppose -3*f + 8 = 5*l - 17, 4*l = 20. Suppose f = -v + 3*v - 60. What is the highest common divisor of n and v?
15
Let y be 121/4 + 1/(-4). Calculate the greatest common factor of 40 and y.
10
Suppose -4*w = -5*w + 12. Let u be (-3)/w + 15/(-4). Let o = u - -13. Calculate the highest common factor of 81 and o.
9
Let j = -52 - -20. Let r = j - -48. Calculate the highest common factor of r and 4.
4
Suppose -3*b = -4*y + b + 420, -2*y + 5*b = -195. Calculate the highest common factor of 22 and y.
22
Let c = 67 + -44. Let v = 37 - c. Suppose 5*k = k + 56. What is the highest common divisor of v and k?
14
Suppose 5*p - 344 = 3*p. Suppose 0 = 3*l - 4*t - p, -t = 3*l + 2*t - 186. Calculate the highest common factor of l and 12.
12
Let s(a) = a + 0*a**2 + 0*a**2 + a**2. Let c be s(1). Suppose 3*t + w - 15 - 3 = 0, t - c*w = -1. Calculate the greatest common factor of 30 and t.
5
Suppose 4*m - 3 = f, 0